{"id":1695,"date":"2022-04-01T13:31:10","date_gmt":"2022-04-01T11:31:10","guid":{"rendered":"https:\/\/melaniesix.dbf-beta.be\/realisaties\/sun-and-friends-daybed\/"},"modified":"2022-04-05T09:57:45","modified_gmt":"2022-04-05T07:57:45","slug":"sun-and-friends-daybed","status":"publish","type":"realisaties","link":"https:\/\/melaniesix.com\/fr\/realisation\/sun-and-friends-daybed\/","title":{"rendered":"Lit de repos \u00ab\u00a0Soleil et Amis\u00a0\u00bb"},"content":{"rendered":"<p>Le client souhaitait am\u00e9liorer cet espace ext\u00e9rieur et combiner un transat pour bronzer avec un coin salon pour les amis.<\/p>\n<p>Sous la glycine, il est maintenant bien pour se r\u00e9poser!<\/p>\n<p>Sur mesure de l\u2019espace en bois europ\u00e9en \u00e9cologiquement pr\u00e9serv\u00e9 avec rembourrage et matelas enti\u00e8rement r\u00e9sistants aux intemp\u00e9ries.<\/p>\n","protected":false},"featured_media":1405,"parent":0,"template":"","type-realisatie":[],"realisatie-categorie":[75],"type-hout":[60],"type-meubel":[66],"class_list":["post-1695","realisaties","type-realisaties","status-publish","has-post-thumbnail","hentry","realisatie-categorie-transats","type-hout-nouvelles-pieces","type-meubel-mobilier-dexterieur"],"yoast_head":"<!-- This site is optimized with the Yoast SEO plugin v27.5 - https:\/\/yoast.com\/product\/yoast-seo-wordpress\/ -->\n<title>Lit de repos &quot;Soleil et Amis&quot; | Melanie Six<\/title>\n<meta name=\"robots\" content=\"index, follow, max-snippet:-1, max-image-preview:large, max-video-preview:-1\" \/>\n<link rel=\"canonical\" href=\"https:\/\/melaniesix.com\/fr\/realisation\/sun-and-friends-daybed\/\" \/>\n<meta property=\"og:locale\" content=\"fr_FR\" \/>\n<meta property=\"og:type\" content=\"article\" \/>\n<meta property=\"og:title\" content=\"Lit de repos &quot;Soleil et Amis&quot; | Melanie Six\" \/>\n<meta property=\"og:description\" content=\"Le client souhaitait am\u00e9liorer cet espace ext\u00e9rieur et combiner un transat pour bronzer avec un coin salon pour les amis. Sous la glycine, il est maintenant bien pour se r\u00e9poser! Sur mesure de l\u2019espace en bois europ\u00e9en \u00e9cologiquement pr\u00e9serv\u00e9 avec rembourrage et matelas enti\u00e8rement r\u00e9sistants aux intemp\u00e9ries.\" \/>\n<meta property=\"og:url\" content=\"https:\/\/melaniesix.com\/fr\/realisation\/sun-and-friends-daybed\/\" \/>\n<meta property=\"og:site_name\" content=\"Melanie Six\" \/>\n<meta property=\"article:publisher\" content=\"https:\/\/www.facebook.com\/melaniesixfurniture\" \/>\n<meta property=\"article:modified_time\" content=\"2022-04-05T07:57:45+00:00\" \/>\n<meta property=\"og:image\" content=\"https:\/\/melaniesix.com\/wp-content\/uploads\/2022\/04\/IMG-20210716-WA0032.jpg\" \/>\n\t<meta property=\"og:image:width\" content=\"2000\" \/>\n\t<meta property=\"og:image:height\" content=\"1500\" \/>\n\t<meta property=\"og:image:type\" content=\"image\/jpeg\" \/>\n<meta name=\"twitter:card\" content=\"summary_large_image\" \/>\n<script type=\"application\/ld+json\" class=\"yoast-schema-graph\">{\"@context\":\"https:\\\/\\\/schema.org\",\"@graph\":[{\"@type\":\"WebPage\",\"@id\":\"https:\\\/\\\/melaniesix.com\\\/fr\\\/realisation\\\/sun-and-friends-daybed\\\/\",\"url\":\"https:\\\/\\\/melaniesix.com\\\/fr\\\/realisation\\\/sun-and-friends-daybed\\\/\",\"name\":\"Lit de repos \\\"Soleil et Amis\\\" | Melanie Six\",\"isPartOf\":{\"@id\":\"https:\\\/\\\/melaniesix.com\\\/fr\\\/#website\"},\"primaryImageOfPage\":{\"@id\":\"https:\\\/\\\/melaniesix.com\\\/fr\\\/realisation\\\/sun-and-friends-daybed\\\/#primaryimage\"},\"image\":{\"@id\":\"https:\\\/\\\/melaniesix.com\\\/fr\\\/realisation\\\/sun-and-friends-daybed\\\/#primaryimage\"},\"thumbnailUrl\":\"https:\\\/\\\/melaniesix.com\\\/wp-content\\\/uploads\\\/2022\\\/04\\\/IMG-20210716-WA0032.jpg\",\"datePublished\":\"2022-04-01T11:31:10+00:00\",\"dateModified\":\"2022-04-05T07:57:45+00:00\",\"breadcrumb\":{\"@id\":\"https:\\\/\\\/melaniesix.com\\\/fr\\\/realisation\\\/sun-and-friends-daybed\\\/#breadcrumb\"},\"inLanguage\":\"fr-FR\",\"potentialAction\":[{\"@type\":\"ReadAction\",\"target\":[\"https:\\\/\\\/melaniesix.com\\\/fr\\\/realisation\\\/sun-and-friends-daybed\\\/\"]}]},{\"@type\":\"ImageObject\",\"inLanguage\":\"fr-FR\",\"@id\":\"https:\\\/\\\/melaniesix.com\\\/fr\\\/realisation\\\/sun-and-friends-daybed\\\/#primaryimage\",\"url\":\"https:\\\/\\\/melaniesix.com\\\/wp-content\\\/uploads\\\/2022\\\/04\\\/IMG-20210716-WA0032.jpg\",\"contentUrl\":\"https:\\\/\\\/melaniesix.com\\\/wp-content\\\/uploads\\\/2022\\\/04\\\/IMG-20210716-WA0032.jpg\",\"width\":2000,\"height\":1500},{\"@type\":\"BreadcrumbList\",\"@id\":\"https:\\\/\\\/melaniesix.com\\\/fr\\\/realisation\\\/sun-and-friends-daybed\\\/#breadcrumb\",\"itemListElement\":[{\"@type\":\"ListItem\",\"position\":1,\"name\":\"Home\",\"item\":\"https:\\\/\\\/melaniesix.com\\\/fr\\\/\"},{\"@type\":\"ListItem\",\"position\":2,\"name\":\"Realisaties\",\"item\":\"https:\\\/\\\/melaniesix.com\\\/fr\\\/realisation\\\/\"},{\"@type\":\"ListItem\",\"position\":3,\"name\":\"Lit de repos &#8220;Soleil et Amis&#8221;\"}]},{\"@type\":\"WebSite\",\"@id\":\"https:\\\/\\\/melaniesix.com\\\/fr\\\/#website\",\"url\":\"https:\\\/\\\/melaniesix.com\\\/fr\\\/\",\"name\":\"Melanie Six\",\"description\":\"Furniture &amp; Art\",\"publisher\":{\"@id\":\"https:\\\/\\\/melaniesix.com\\\/fr\\\/#organization\"},\"potentialAction\":[{\"@type\":\"SearchAction\",\"target\":{\"@type\":\"EntryPoint\",\"urlTemplate\":\"https:\\\/\\\/melaniesix.com\\\/fr\\\/?s={search_term_string}\"},\"query-input\":{\"@type\":\"PropertyValueSpecification\",\"valueRequired\":true,\"valueName\":\"search_term_string\"}}],\"inLanguage\":\"fr-FR\"},{\"@type\":\"Organization\",\"@id\":\"https:\\\/\\\/melaniesix.com\\\/fr\\\/#organization\",\"name\":\"Melanie Six\",\"url\":\"https:\\\/\\\/melaniesix.com\\\/fr\\\/\",\"logo\":{\"@type\":\"ImageObject\",\"inLanguage\":\"fr-FR\",\"@id\":\"https:\\\/\\\/melaniesix.com\\\/fr\\\/#\\\/schema\\\/logo\\\/image\\\/\",\"url\":\"https:\\\/\\\/melaniesix.com\\\/wp-content\\\/uploads\\\/2021\\\/04\\\/Logo-Melanie-Six.svg\",\"contentUrl\":\"https:\\\/\\\/melaniesix.com\\\/wp-content\\\/uploads\\\/2021\\\/04\\\/Logo-Melanie-Six.svg\",\"width\":254,\"height\":72,\"caption\":\"Melanie Six\"},\"image\":{\"@id\":\"https:\\\/\\\/melaniesix.com\\\/fr\\\/#\\\/schema\\\/logo\\\/image\\\/\"},\"sameAs\":[\"https:\\\/\\\/www.facebook.com\\\/melaniesixfurniture\",\"https:\\\/\\\/www.instagram.com\\\/melanie_six_furniture\"]}]}<\/script>\n<!-- \/ Yoast SEO plugin. -->","yoast_head_json":{"title":"Lit de repos \"Soleil et Amis\" | Melanie Six","robots":{"index":"index","follow":"follow","max-snippet":"max-snippet:-1","max-image-preview":"max-image-preview:large","max-video-preview":"max-video-preview:-1"},"canonical":"https:\/\/melaniesix.com\/fr\/realisation\/sun-and-friends-daybed\/","og_locale":"fr_FR","og_type":"article","og_title":"Lit de repos \"Soleil et Amis\" | Melanie Six","og_description":"Le client souhaitait am\u00e9liorer cet espace ext\u00e9rieur et combiner un transat pour bronzer avec un coin salon pour les amis. Sous la glycine, il est maintenant bien pour se r\u00e9poser! Sur mesure de l\u2019espace en bois europ\u00e9en \u00e9cologiquement pr\u00e9serv\u00e9 avec rembourrage et matelas enti\u00e8rement r\u00e9sistants aux intemp\u00e9ries.","og_url":"https:\/\/melaniesix.com\/fr\/realisation\/sun-and-friends-daybed\/","og_site_name":"Melanie Six","article_publisher":"https:\/\/www.facebook.com\/melaniesixfurniture","article_modified_time":"2022-04-05T07:57:45+00:00","og_image":[{"width":2000,"height":1500,"url":"https:\/\/melaniesix.com\/wp-content\/uploads\/2022\/04\/IMG-20210716-WA0032.jpg","type":"image\/jpeg"}],"twitter_card":"summary_large_image","schema":{"@context":"https:\/\/schema.org","@graph":[{"@type":"WebPage","@id":"https:\/\/melaniesix.com\/fr\/realisation\/sun-and-friends-daybed\/","url":"https:\/\/melaniesix.com\/fr\/realisation\/sun-and-friends-daybed\/","name":"Lit de repos \"Soleil et Amis\" | Melanie Six","isPartOf":{"@id":"https:\/\/melaniesix.com\/fr\/#website"},"primaryImageOfPage":{"@id":"https:\/\/melaniesix.com\/fr\/realisation\/sun-and-friends-daybed\/#primaryimage"},"image":{"@id":"https:\/\/melaniesix.com\/fr\/realisation\/sun-and-friends-daybed\/#primaryimage"},"thumbnailUrl":"https:\/\/melaniesix.com\/wp-content\/uploads\/2022\/04\/IMG-20210716-WA0032.jpg","datePublished":"2022-04-01T11:31:10+00:00","dateModified":"2022-04-05T07:57:45+00:00","breadcrumb":{"@id":"https:\/\/melaniesix.com\/fr\/realisation\/sun-and-friends-daybed\/#breadcrumb"},"inLanguage":"fr-FR","potentialAction":[{"@type":"ReadAction","target":["https:\/\/melaniesix.com\/fr\/realisation\/sun-and-friends-daybed\/"]}]},{"@type":"ImageObject","inLanguage":"fr-FR","@id":"https:\/\/melaniesix.com\/fr\/realisation\/sun-and-friends-daybed\/#primaryimage","url":"https:\/\/melaniesix.com\/wp-content\/uploads\/2022\/04\/IMG-20210716-WA0032.jpg","contentUrl":"https:\/\/melaniesix.com\/wp-content\/uploads\/2022\/04\/IMG-20210716-WA0032.jpg","width":2000,"height":1500},{"@type":"BreadcrumbList","@id":"https:\/\/melaniesix.com\/fr\/realisation\/sun-and-friends-daybed\/#breadcrumb","itemListElement":[{"@type":"ListItem","position":1,"name":"Home","item":"https:\/\/melaniesix.com\/fr\/"},{"@type":"ListItem","position":2,"name":"Realisaties","item":"https:\/\/melaniesix.com\/fr\/realisation\/"},{"@type":"ListItem","position":3,"name":"Lit de repos &#8220;Soleil et Amis&#8221;"}]},{"@type":"WebSite","@id":"https:\/\/melaniesix.com\/fr\/#website","url":"https:\/\/melaniesix.com\/fr\/","name":"Melanie Six","description":"Furniture &amp; Art","publisher":{"@id":"https:\/\/melaniesix.com\/fr\/#organization"},"potentialAction":[{"@type":"SearchAction","target":{"@type":"EntryPoint","urlTemplate":"https:\/\/melaniesix.com\/fr\/?s={search_term_string}"},"query-input":{"@type":"PropertyValueSpecification","valueRequired":true,"valueName":"search_term_string"}}],"inLanguage":"fr-FR"},{"@type":"Organization","@id":"https:\/\/melaniesix.com\/fr\/#organization","name":"Melanie Six","url":"https:\/\/melaniesix.com\/fr\/","logo":{"@type":"ImageObject","inLanguage":"fr-FR","@id":"https:\/\/melaniesix.com\/fr\/#\/schema\/logo\/image\/","url":"https:\/\/melaniesix.com\/wp-content\/uploads\/2021\/04\/Logo-Melanie-Six.svg","contentUrl":"https:\/\/melaniesix.com\/wp-content\/uploads\/2021\/04\/Logo-Melanie-Six.svg","width":254,"height":72,"caption":"Melanie Six"},"image":{"@id":"https:\/\/melaniesix.com\/fr\/#\/schema\/logo\/image\/"},"sameAs":["https:\/\/www.facebook.com\/melaniesixfurniture","https:\/\/www.instagram.com\/melanie_six_furniture"]}]}},"_links":{"self":[{"href":"https:\/\/melaniesix.com\/fr\/wp-json\/wp\/v2\/realisaties\/1695","targetHints":{"allow":["GET"]}}],"collection":[{"href":"https:\/\/melaniesix.com\/fr\/wp-json\/wp\/v2\/realisaties"}],"about":[{"href":"https:\/\/melaniesix.com\/fr\/wp-json\/wp\/v2\/types\/realisaties"}],"wp:featuredmedia":[{"embeddable":true,"href":"https:\/\/melaniesix.com\/fr\/wp-json\/wp\/v2\/media\/1405"}],"wp:attachment":[{"href":"https:\/\/melaniesix.com\/fr\/wp-json\/wp\/v2\/media?parent=1695"}],"wp:term":[{"taxonomy":"type-realisatie","embeddable":true,"href":"https:\/\/melaniesix.com\/fr\/wp-json\/wp\/v2\/type-realisatie?post=1695"},{"taxonomy":"realisatie-categorie","embeddable":true,"href":"https:\/\/melaniesix.com\/fr\/wp-json\/wp\/v2\/realisatie-categorie?post=1695"},{"taxonomy":"type-hout","embeddable":true,"href":"https:\/\/melaniesix.com\/fr\/wp-json\/wp\/v2\/type-hout?post=1695"},{"taxonomy":"type-meubel","embeddable":true,"href":"https:\/\/melaniesix.com\/fr\/wp-json\/wp\/v2\/type-meubel?post=1695"}],"curies":[{"name":"wp","href":"https:\/\/api.w.org\/{rel}","templated":true}]}}

<p>Le client souhaitait améliorer cet espace extérieur et combiner un transat pour bronzer avec un coin salon pour les amis.</p>
<p>Sous la glycine, il est maintenant bien pour se réposer!</p>
<p>Sur mesure de l’espace en bois européen écologiquement préservé avec rembourrage et matelas entièrement résistants aux intempéries.</p>

<!-- This site is optimized with the Yoast SEO plugin v27.5 - https://yoast.com/product/yoast-seo-wordpress/ -->
<title>Lit de repos &quot;Soleil et Amis&quot; | Melanie Six</title>
<meta name="robots" content="index, follow, max-snippet:-1, max-image-preview:large, max-video-preview:-1" />
<link rel="canonical" href="https://melaniesix.com/fr/realisation/sun-and-friends-daybed/" />
<meta property="og:locale" content="fr_FR" />
<meta property="og:type" content="article" />
<meta property="og:title" content="Lit de repos &quot;Soleil et Amis&quot; | Melanie Six" />
<meta property="og:description" content="Le client souhaitait améliorer cet espace extérieur et combiner un transat pour bronzer avec un coin salon pour les amis. Sous la glycine, il est maintenant bien pour se réposer! Sur mesure de l’espace en bois européen écologiquement préservé avec rembourrage et matelas entièrement résistants aux intempéries." />
<meta property="og:url" content="https://melaniesix.com/fr/realisation/sun-and-friends-daybed/" />
<meta property="og:site_name" content="Melanie Six" />
<meta property="article:publisher" content="https://www.facebook.com/melaniesixfurniture" />
<meta property="article:modified_time" content="2022-04-05T07:57:45+00:00" />
<meta property="og:image" content="https://melaniesix.com/wp-content/uploads/2022/04/IMG-20210716-WA0032.jpg" />
	<meta property="og:image:width" content="2000" />
	<meta property="og:image:height" content="1500" />
	<meta property="og:image:type" content="image/jpeg" />
<meta name="twitter:card" content="summary_large_image" />
<script type="application/ld+json" class="yoast-schema-graph">{"@context":"https:\/\/schema.org","@graph":[{"@type":"WebPage","@id":"https:\/\/melaniesix.com\/fr\/realisation\/sun-and-friends-daybed\/","url":"https:\/\/melaniesix.com\/fr\/realisation\/sun-and-friends-daybed\/","name":"Lit de repos \"Soleil et Amis\" | Melanie Six","isPartOf":{"@id":"https:\/\/melaniesix.com\/fr\/#website"},"primaryImageOfPage":{"@id":"https:\/\/melaniesix.com\/fr\/realisation\/sun-and-friends-daybed\/#primaryimage"},"image":{"@id":"https:\/\/melaniesix.com\/fr\/realisation\/sun-and-friends-daybed\/#primaryimage"},"thumbnailUrl":"https:\/\/melaniesix.com\/wp-content\/uploads\/2022\/04\/IMG-20210716-WA0032.jpg","datePublished":"2022-04-01T11:31:10+00:00","dateModified":"2022-04-05T07:57:45+00:00","breadcrumb":{"@id":"https:\/\/melaniesix.com\/fr\/realisation\/sun-and-friends-daybed\/#breadcrumb"},"inLanguage":"fr-FR","potentialAction":[{"@type":"ReadAction","target":["https:\/\/melaniesix.com\/fr\/realisation\/sun-and-friends-daybed\/"]}]},{"@type":"ImageObject","inLanguage":"fr-FR","@id":"https:\/\/melaniesix.com\/fr\/realisation\/sun-and-friends-daybed\/#primaryimage","url":"https:\/\/melaniesix.com\/wp-content\/uploads\/2022\/04\/IMG-20210716-WA0032.jpg","contentUrl":"https:\/\/melaniesix.com\/wp-content\/uploads\/2022\/04\/IMG-20210716-WA0032.jpg","width":2000,"height":1500},{"@type":"BreadcrumbList","@id":"https:\/\/melaniesix.com\/fr\/realisation\/sun-and-friends-daybed\/#breadcrumb","itemListElement":[{"@type":"ListItem","position":1,"name":"Home","item":"https:\/\/melaniesix.com\/fr\/"},{"@type":"ListItem","position":2,"name":"Realisaties","item":"https:\/\/melaniesix.com\/fr\/realisation\/"},{"@type":"ListItem","position":3,"name":"Lit de repos &#8220;Soleil et Amis&#8221;"}]},{"@type":"WebSite","@id":"https:\/\/melaniesix.com\/fr\/#website","url":"https:\/\/melaniesix.com\/fr\/","name":"Melanie Six","description":"Furniture &amp; Art","publisher":{"@id":"https:\/\/melaniesix.com\/fr\/#organization"},"potentialAction":[{"@type":"SearchAction","target":{"@type":"EntryPoint","urlTemplate":"https:\/\/melaniesix.com\/fr\/?s={search_term_string}"},"query-input":{"@type":"PropertyValueSpecification","valueRequired":true,"valueName":"search_term_string"}}],"inLanguage":"fr-FR"},{"@type":"Organization","@id":"https:\/\/melaniesix.com\/fr\/#organization","name":"Melanie Six","url":"https:\/\/melaniesix.com\/fr\/","logo":{"@type":"ImageObject","inLanguage":"fr-FR","@id":"https:\/\/melaniesix.com\/fr\/#\/schema\/logo\/image\/","url":"https:\/\/melaniesix.com\/wp-content\/uploads\/2021\/04\/Logo-Melanie-Six.svg","contentUrl":"https:\/\/melaniesix.com\/wp-content\/uploads\/2021\/04\/Logo-Melanie-Six.svg","width":254,"height":72,"caption":"Melanie Six"},"image":{"@id":"https:\/\/melaniesix.com\/fr\/#\/schema\/logo\/image\/"},"sameAs":["https:\/\/www.facebook.com\/melaniesixfurniture","https:\/\/www.instagram.com\/melanie_six_furniture"]}]}</script>
<!-- / Yoast SEO plugin. -->

Le client souhaitait améliorer cet espace extérieur et combiner un transat pour bronzer avec un coin salon pour les amis. Sous la glycine, il est maintenant bien pour se réposer! Sur mesure de l’espace en bois européen écologiquement préservé avec rembourrage et matelas entièrement résistants aux intempéries.
